{"id":124,"date":"2023-04-30T14:04:45","date_gmt":"2023-04-30T12:04:45","guid":{"rendered":"http:\/\/geantebelarada.fr\/?page_id=124"},"modified":"2025-06-16T15:24:54","modified_gmt":"2025-06-16T13:24:54","slug":"nos-geants","status":"publish","type":"page","link":"https:\/\/geantebelarada.fr\/index.php\/nos-geants\/","title":{"rendered":"Nos G\u00e9ants"},"content":{"rendered":"\n<figure class=\"wp-block-gallery has-nested-images columns-default is-cropped wp-block-gallery-1 is-layout-flex wp-block-gallery-is-layout-flex\">\n<figure class=\"wp-block-image size-large\"><a href=\"http:\/\/geantebelarada.fr\/index.php\/nos-geants\/bela-rada\/\"><img loading=\"lazy\" decoding=\"async\" width=\"683\" height=\"1024\" data-id=\"172\" src=\"http:\/\/geantebelarada.fr\/wp-content\/uploads\/2023\/04\/Orchies-Bapteme-Bela-Rada-2008_289-683x1024.jpg\" alt=\"\" class=\"wp-image-172\" srcset=\"https:\/\/geantebelarada.fr\/wp-content\/uploads\/2023\/04\/Orchies-Bapteme-Bela-Rada-2008_289-683x1024.jpg 683w, https:\/\/geantebelarada.fr\/wp-content\/uploads\/2023\/04\/Orchies-Bapteme-Bela-Rada-2008_289-200x300.jpg 200w, https:\/\/geantebelarada.fr\/wp-content\/uploads\/2023\/04\/Orchies-Bapteme-Bela-Rada-2008_289-768x1152.jpg 768w, https:\/\/geantebelarada.fr\/wp-content\/uploads\/2023\/04\/Orchies-Bapteme-Bela-Rada-2008_289-1024x1536.jpg 1024w, https:\/\/geantebelarada.fr\/wp-content\/uploads\/2023\/04\/Orchies-Bapteme-Bela-Rada-2008_289-1366x2048.jpg 1366w, https:\/\/geantebelarada.fr\/wp-content\/uploads\/2023\/04\/Orchies-Bapteme-Bela-Rada-2008_289-1200x1800.jpg 1200w, https:\/\/geantebelarada.fr\/wp-content\/uploads\/2023\/04\/Orchies-Bapteme-Bela-Rada-2008_289.jpg 1633w\" sizes=\"auto, (max-width: 683px) 100vw, 683px\" \/><\/a><\/figure>\n<\/figure>\n\n\n\n<p class=\"has-larger-font-size\"><strong>Bela Rada<\/strong><\/p>\n\n\n\n<p><strong> danseuse de Serbie<\/strong><\/p>\n\n\n\n<p><em>G\u00e9ante de d\u00e9fil\u00e9 port\u00e9e (1 porteur)<br>Hauteur 3,20 m<br>Poids 32&nbsp;kg \u00e0 38&nbsp;kg selon le costume (5 costumes diff\u00e9rents)<br>Baptis\u00e9e le 13&nbsp;juillet 2008 \u00e0 Orchies (Nord)<br>Cr\u00e9\u00e9e par Atelier Machu \u00e0 Roubaix<\/em><\/p>\n\n\n\n<p><strong>Bela Rada<\/strong> repr\u00e9sente une danseuse d\u2019un ballet traditionnel de Serbie. N\u00e9e de l\u2019engouement de quelques Nordistes passionn\u00e9s par le folklore de l\u2019<strong>ex-Yougoslavie<\/strong>, elle t\u00e9moigne de la richesse de deux traditions : celle du <strong>g\u00e9ant de d\u00e9fil\u00e9<\/strong> pour la France et celle de la danse traditionnelle pour la <strong>Serbie<\/strong>.<br>Selon les circonstances, Bela Rada peut se parer de l\u2019un de ses cinq costumes r\u00e9gionaux :<\/p>\n\n\n\n<p class=\"has-text-align-center has-large-font-size\"><strong><a href=\"http:\/\/geantebelarada.fr\/index.php\/nos-geants\/bela-rada\/sumadija\/\">\u0160umadija <\/a>&#8211; <a href=\"http:\/\/geantebelarada.fr\/index.php\/nos-geants\/bela-rada\/macva\/\">Ma\u010dva <\/a>&#8211; <a href=\"http:\/\/geantebelarada.fr\/index.php\/nos-geants\/bela-rada\/bunjevacke\/\">Bunjeva\u010dke <\/a>&#8211; <a href=\"http:\/\/geantebelarada.fr\/index.php\/nos-geants\/bela-rada\/vlaske\/\">Vla\u0161ke <\/a>&#8211; <a href=\"http:\/\/geantebelarada.fr\/index.php\/nos-geants\/bela-rada\/sopske\/\">\u0160opske<\/a>.<\/strong><\/p>\n\n\n\n<p>La cr\u00e9ation de ses quatre premiers costumes s\u2019est \u00e9tal\u00e9e sur quatre ann\u00e9es, de 2006 \u00e0 2010, et n\u00e9cessit\u00e9 quelques 5&nbsp;000&nbsp;heures de travail. En 2020, La garde-robe de la g\u00e9ante s\u2019est enrichie d\u2019un cinqui\u00e8me costume. Cette particularit\u00e9 fait de <strong>Bela Rada<\/strong> l\u2019une des plus remarquables et des plus ouvrag\u00e9es g\u00e9antes des Hauts-de-France.<\/p>\n\n\n\n<p><strong>Symbole d\u2019amiti\u00e9 entre les peuples, . Elle rend hommage \u00e0 la longue visite en P\u00e9v\u00e8le, le 2&nbsp;novembre 2002 de l\u2019ambassadeur de la r\u00e9publique f\u00e9d\u00e9rale de Yougoslavie, Monsieur Radomir Dikli\u0107. Un peu fran\u00e7aise et un peu serbe, elle t\u00e9moigne des liens culturels qui unissent la France \u00e0 cette partie des Balkans.<\/strong><\/p>\n\n\n\n<div class=\"wp-block-group is-layout-grid wp-container-core-group-is-layout-9649a0d9 wp-block-group-is-layout-grid\">\n<figure class=\"wp-block-image size-full\"><img loading=\"lazy\" decoding=\"async\" width=\"532\" height=\"800\" src=\"http:\/\/geantebelarada.fr\/wp-content\/uploads\/2023\/03\/18268273_1491922087506284_678424580651554632_n.jpg\" alt=\"\" class=\"wp-image-100\" srcset=\"https:\/\/geantebelarada.fr\/wp-content\/uploads\/2023\/03\/18268273_1491922087506284_678424580651554632_n.jpg 532w, https:\/\/geantebelarada.fr\/wp-content\/uploads\/2023\/03\/18268273_1491922087506284_678424580651554632_n-200x300.jpg 200w\" sizes=\"auto, (max-width: 532px) 100vw, 532px\" \/><\/figure>\n\n\n\n<figure class=\"wp-block-image size-full\"><img loading=\"lazy\" decoding=\"async\" width=\"600\" height=\"800\" src=\"http:\/\/geantebelarada.fr\/wp-content\/uploads\/2023\/03\/18222407_1491922127506280_2677381325816201327_n.jpg\" alt=\"\" class=\"wp-image-97\" srcset=\"https:\/\/geantebelarada.fr\/wp-content\/uploads\/2023\/03\/18222407_1491922127506280_2677381325816201327_n.jpg 600w, https:\/\/geantebelarada.fr\/wp-content\/uploads\/2023\/03\/18222407_1491922127506280_2677381325816201327_n-225x300.jpg 225w\" sizes=\"auto, (max-width: 600px) 100vw, 600px\" \/><\/figure>\n\n\n\n<figure class=\"wp-block-image size-full\"><img loading=\"lazy\" decoding=\"async\" width=\"1002\" height=\"1376\" src=\"http:\/\/geantebelarada.fr\/wp-content\/uploads\/2023\/03\/278674743_5242064602491995_3620680273336749702_n.jpg\" alt=\"\" class=\"wp-image-105\" srcset=\"https:\/\/geantebelarada.fr\/wp-content\/uploads\/2023\/03\/278674743_5242064602491995_3620680273336749702_n.jpg 1002w, https:\/\/geantebelarada.fr\/wp-content\/uploads\/2023\/03\/278674743_5242064602491995_3620680273336749702_n-218x300.jpg 218w, https:\/\/geantebelarada.fr\/wp-content\/uploads\/2023\/03\/278674743_5242064602491995_3620680273336749702_n-746x1024.jpg 746w, https:\/\/geantebelarada.fr\/wp-content\/uploads\/2023\/03\/278674743_5242064602491995_3620680273336749702_n-768x1055.jpg 768w\" sizes=\"auto, (max-width: 1002px) 100vw, 1002px\" \/><\/figure>\n\n\n\n<figure class=\"wp-block-image size-full\"><img loading=\"lazy\" decoding=\"async\" width=\"532\" height=\"800\" src=\"http:\/\/geantebelarada.fr\/wp-content\/uploads\/2023\/03\/18222453_1491922094172950_8121826675585223023_n-2.jpg\" alt=\"\" class=\"wp-image-104\" srcset=\"https:\/\/geantebelarada.fr\/wp-content\/uploads\/2023\/03\/18222453_1491922094172950_8121826675585223023_n-2.jpg 532w, https:\/\/geantebelarada.fr\/wp-content\/uploads\/2023\/03\/18222453_1491922094172950_8121826675585223023_n-2-200x300.jpg 200w\" sizes=\"auto, (max-width: 532px) 100vw, 532px\" \/><\/figure>\n\n\n\n<figure class=\"wp-block-image size-full\"><img loading=\"lazy\" decoding=\"async\" width=\"826\" height=\"1169\" src=\"http:\/\/geantebelarada.fr\/wp-content\/uploads\/2023\/04\/Bela-Rada-en-costume-de-MACVA-web.jpg\" alt=\"\" class=\"wp-image-130\" srcset=\"https:\/\/geantebelarada.fr\/wp-content\/uploads\/2023\/04\/Bela-Rada-en-costume-de-MACVA-web.jpg 826w, https:\/\/geantebelarada.fr\/wp-content\/uploads\/2023\/04\/Bela-Rada-en-costume-de-MACVA-web-212x300.jpg 212w, https:\/\/geantebelarada.fr\/wp-content\/uploads\/2023\/04\/Bela-Rada-en-costume-de-MACVA-web-724x1024.jpg 724w, https:\/\/geantebelarada.fr\/wp-content\/uploads\/2023\/04\/Bela-Rada-en-costume-de-MACVA-web-768x1087.jpg 768w\" sizes=\"auto, (max-width: 826px) 100vw, 826px\" \/><\/figure>\n<\/div>\n\n\n\n<p class=\"has-large-font-size\">\u25ba<strong>Parrains et marraines de Bela Rada<\/strong><\/p>\n\n\n\n<p class=\"has-small-font-size\"><strong>Goran Bregov<\/strong>ic, \u00ab Kum d\u2019honneur \u00bb<br>Le compositeur et musicien serbe, mondialement connu, a sign\u00e9 nombre de musiques de films et notamment ceux d\u2019Emir Kusturica ou celle de \u00ab La Reine Margot \u00bb de Patrice Ch\u00e9reau. Il est depuis le 28&nbsp;mai 2009, parrain d\u2019honneur de Bela Rada.<\/p>\n\n\n\n<p class=\"has-text-align-right has-small-font-size\"><br><strong>Mich\u00e8le Fort<\/strong>, marraine de France<br>Mich\u00e8le est la pr\u00e9sidente du groupe \u0160umadija de Lys-lez-Lannoy<\/p>\n\n\n\n<p class=\"has-small-font-size\"><br><strong>Milanka Vukovi\u0107<\/strong>, marraine de Serbie<br>Milanka est professeur de Fran\u00e7ais au lyc\u00e9e de Valjevo (Serbie). Elle a longtemps accompagn\u00e9 le ballet Kru\u0161ik de Valjevo, dont elle \u00e9tait l\u2019interpr\u00e8te.<\/p>\n\n\n\n<p class=\"has-text-align-right has-small-font-size\"><br><strong>Dominique Bailly<\/strong>, parrain de France<br>Maire d\u2019Orchies (2005-2018), la ville d\u2019attache de Bela Rada.<br>Dominique Bailly est Conseiller r\u00e9gional de la r\u00e9gion Nord-Pas de Calais (1998-2011), membre de la commission des relations internationales.<\/p>\n\n\n\n<p class=\"has-small-font-size\"><br><strong>Ratko Spasojevi\u0107<\/strong>, parrain de Serbie<br>Autrefois danseur du Kolo (ballet professionnel de Serbie), Ratko est le chor\u00e9graphe du ballet Kru\u0161ik de Valjevo auquel Bela Rada doit tant de choses\u2026<\/p>\n\n\n\n<p class=\"has-text-align-right has-small-font-size\"><br><strong>Eleyne et Gauthier<\/strong>, g\u00e9ants d\u2019Attiches (Nord)<br>Ces deux g\u00e9ants du Nord symbolisent l\u2019amour pur, tout comme la fleur de la Blanche Marguerite, Bela Rada en Serbe\u2026<\/p>\n\n\n\n<p class=\"has-large-font-size\">\u25ba <strong>Bela Rada est la marraine de :<\/strong><\/p>\n\n\n\n<p class=\"has-small-font-size\">Le Duc d&rsquo;Havr\u00e9 (Tourcoing en 2008)<br>Ana (Lys-lez-Lannoy en 2009)<br>Tesch Noom (Bray-Dunes en 2009)<br>Madame Tramasure (Lessines &#8211; Belgique en 2017)<br>Philadelphe le Poilu (\u00e0 Lille en 2018)<br>Lin@ (\u00e0 Lille en 2018)<br>Joseph (Nieppe en 2019)<br>Edwige (Louvain &#8211; Belgique en 2019)<br>Datong (Louvain &#8211; Belgique en 2019)<br>Jean Badoulet (Wahagnies en 2025)<\/p>\n\n\n\n<p class=\"has-small-font-size\"><\/p>\n\n\n\n<p class=\"has-small-font-size\"><br>\u25ba <strong>Bela Rada est citoyenne d\u2019honneur&nbsp;des villes de :<\/strong><\/p>\n\n\n\n<p class=\"has-small-font-size\">MARGUERITTES, dans le d\u00e9partement du Gard<br>LYS-LEZ-LANNOY, dans le d\u00e9partement du Nord<\/p>\n\n\n\n<figure class=\"wp-block-image size-large\"><a href=\"http:\/\/geantebelarada.fr\/index.php\/nos-geants\/ptit-jehan\"><img loading=\"lazy\" decoding=\"async\" width=\"683\" height=\"1024\" src=\"http:\/\/geantebelarada.fr\/wp-content\/uploads\/2023\/04\/Ptit-jehan-web-683x1024.jpg\" alt=\"\" class=\"wp-image-137\" srcset=\"https:\/\/geantebelarada.fr\/wp-content\/uploads\/2023\/04\/Ptit-jehan-web-683x1024.jpg 683w, https:\/\/geantebelarada.fr\/wp-content\/uploads\/2023\/04\/Ptit-jehan-web-200x300.jpg 200w, https:\/\/geantebelarada.fr\/wp-content\/uploads\/2023\/04\/Ptit-jehan-web-768x1152.jpg 768w, https:\/\/geantebelarada.fr\/wp-content\/uploads\/2023\/04\/Ptit-jehan-web-1024x1536.jpg 1024w, https:\/\/geantebelarada.fr\/wp-content\/uploads\/2023\/04\/Ptit-jehan-web-1366x2048.jpg 1366w, https:\/\/geantebelarada.fr\/wp-content\/uploads\/2023\/04\/Ptit-jehan-web-1200x1800.jpg 1200w, https:\/\/geantebelarada.fr\/wp-content\/uploads\/2023\/04\/Ptit-jehan-web.jpg 1633w\" sizes=\"auto, (max-width: 683px) 100vw, 683px\" \/><\/a><\/figure>\n\n\n\n<p><strong>P\u2019tit Jehan le carillonneur<\/strong><\/p>\n\n\n\n<p>G\u00e9ant de d\u00e9fil\u00e9, port\u00e9 (1 porteur)<br>Hauteur 3,20 m<br>Poids : 30 kg<br>Baptis\u00e9 en novembre 2001 \u00e0 Douai (Nord)<br>Cr\u00e9\u00e9 par St\u00e9phane Deleurence<\/p>\n\n\n\n<p>Bien que baptis\u00e9 \u00e0 <strong>Douai <\/strong>le 25 novembre 2001, P\u2019tit Jehan a toujours v\u00e9cu \u00e0 <strong>Orchies<\/strong>, sa ville d\u2019adoption. Son pr\u00e9nom Jehan rend cependant hommage au premier sonneur de cloches douaisien, <strong>Jehan de Lourdel<\/strong>, qui \u00ab battelait les appiaulx \u00bb d\u00e8s 1391. Ainsi, pendant une quinzaine d\u2019ann\u00e9es, P\u2019tit Jehan a accompagn\u00e9 \u00e0 travers toute la France et en Europe les tr\u00e8s nombreux d\u00e9placements et tourn\u00e9es du Carillon ambulant de Douai (R\u00e9gion Haut-de-France).<\/p>\n\n\n\n<p>Portant des gants sp\u00e9cifiques, P\u2019tit Jehan est cependant un <strong>carillonneur <\/strong>contemporain, officiant sur un instrument \u00e0 clavier dit \u00ab \u00e0 coups de poing \u00bb. Une petite clochette sur l\u2019\u00e9paule, le g\u00e9ant s\u2019inspire du personnage du conte \u00ab Le fabuleux voyage de <strong>Clochinette <\/strong>\u00bb, dont il est le h\u00e9ros.<br>Sa robe rouge est brod\u00e9e d\u2019une m\u00e9lodie en forme de ritournelle : \u00ab La ballade de P\u2019tit Jehan le carillonneur \u00bb, compos\u00e9e sp\u00e9cialement pour lui en 2001 par le Ma\u00eetre-carillonneur d\u2019Orchies Charles Dairay. La partition compl\u00e8te mesure pr\u00e8s de quatre m\u00e8tres ; elle orne le bas de la robe. Depuis 1996, cette m\u00e9lodie est interpr\u00e9t\u00e9e quotidiennement \u00e0 Orchies par la ritournelle du carillon de l\u2019\u00e9glise Notre-Dame.<\/p>\n\n\n\n<p>Le 10 juillet 2011, dans le cadre des<strong> F\u00eates de Gayant de Douai,<\/strong> P\u2019tit Jehan a \u00e9pous\u00e9 la belle danseuse de Serbie <strong>Bela Rada<\/strong>, aupr\u00e8s de laquelle il vit d\u00e9sormais \u00e0 <strong>Orchies<\/strong>, capitale de la P\u00e9v\u00e8le, rest\u00e9e sa ville de c\u0153ur et de r\u00e9sidence.<\/p>\n\n\n\n<p>\u25ba <strong>Parrain et marraine, d\u00e9fenseurs de la tradition du g\u00e9ant \u00e0 Douai :<br>Monsieur Bernard DIUPARLOIR<\/strong>, Pr\u00e9sident des porteurs de Gayant \u00e0 Douai<br><strong>Madame Bertille VERNIER<\/strong>, \u00e9pouse du maire de Douai<\/p>\n\n\n\n<p><br>\u25ba <strong>Parrain et marraine, venus de pays o\u00f9 les traditions du g\u00e9ant et du carillon font la fiert\u00e9 :<br>Monsieur Aim\u00e9 LOMBAERT<\/strong>, \u2020 carillonneur de la ville de Bruges en Belgique<br><strong>Madame Anna-Maria REVERTE<\/strong> i CASAS, carillonneuse de la ville de Barcelone en Catalogne<\/p>\n\n\n\n<p>\u25ba Ptit Jehan est le parrain de Jean le messager II (Somain en 2022)<\/p>\n\n\n\n<figure class=\"wp-block-image size-full\"><img loading=\"lazy\" decoding=\"async\" width=\"683\" height=\"1024\" src=\"https:\/\/geantebelarada.fr\/wp-content\/uploads\/2025\/04\/Ptit-Jehan-partition-web-683x1024-1.jpg\" alt=\"\" class=\"wp-image-384\" srcset=\"https:\/\/geantebelarada.fr\/wp-content\/uploads\/2025\/04\/Ptit-Jehan-partition-web-683x1024-1.jpg 683w, https:\/\/geantebelarada.fr\/wp-content\/uploads\/2025\/04\/Ptit-Jehan-partition-web-683x1024-1-200x300.jpg 200w\" sizes=\"auto, (max-width: 683px) 100vw, 683px\" \/><\/figure>\n","protected":false},"excerpt":{"rendered":"<p>Bela Rada danseuse de Serbie G\u00e9ante de d\u00e9fil\u00e9 port\u00e9e (1 porteur)Hauteur 3,20 mPoids 32&nbsp;kg \u00e0 38&nbsp;kg selon le costume (5 costumes diff\u00e9rents)Baptis\u00e9e le 13&nbsp;juillet 2008 \u00e0 Orchies (Nord)Cr\u00e9\u00e9e par Atelier Machu \u00e0 Roubaix Bela Rada repr\u00e9sente une danseuse d\u2019un ballet traditionnel de Serbie. N\u00e9e de l\u2019engouement de quelques Nordistes passionn\u00e9s par le folklore de l\u2019ex-Yougoslavie, [&hellip;]<\/p>\n","protected":false},"author":1,"featured_media":0,"parent":0,"menu_order":0,"comment_status":"closed","ping_status":"closed","template":"","meta":{"footnotes":""},"class_list":["post-124","page","type-page","status-publish","hentry"],"_links":{"self":[{"href":"https:\/\/geantebelarada.fr\/index.php\/wp-json\/wp\/v2\/pages\/124","targetHints":{"allow":["GET"]}}],"collection":[{"href":"https:\/\/geantebelarada.fr\/index.php\/wp-json\/wp\/v2\/pages"}],"about":[{"href":"https:\/\/geantebelarada.fr\/index.php\/wp-json\/wp\/v2\/types\/page"}],"author":[{"embeddable":true,"href":"https:\/\/geantebelarada.fr\/index.php\/wp-json\/wp\/v2\/users\/1"}],"replies":[{"embeddable":true,"href":"https:\/\/geantebelarada.fr\/index.php\/wp-json\/wp\/v2\/comments?post=124"}],"version-history":[{"count":7,"href":"https:\/\/geantebelarada.fr\/index.php\/wp-json\/wp\/v2\/pages\/124\/revisions"}],"predecessor-version":[{"id":439,"href":"https:\/\/geantebelarada.fr\/index.php\/wp-json\/wp\/v2\/pages\/124\/revisions\/439"}],"wp:attachment":[{"href":"https:\/\/geantebelarada.fr\/index.php\/wp-json\/wp\/v2\/media?parent=124"}],"curies":[{"name":"wp","href":"https:\/\/api.w.org\/{rel}","templated":true}]}}